1 is divided by 1749.
181
What is the remainder when 956 is divided by 56?
4
What is the remainder when 17528 is divided by 796?
16
Calculate the remainder when 1599849 is divided by 12.
9
Calculate the remainder when 6558 is divided by 584.
134
Calculate the remainder when 3100253 is divided by 328.
325
Calculate the remainder when 10131 is divided by 47.
26
Calculate the remainder when 526055 is divided by 131505.
35
What is the remainder when 8263 is divided by 2753?
4
What is the remainder when 17622 is divided by 194?
162
What is the remainder when 199534 is divided by 1304?
22
What is the remainder when 932211 is divided by 1353?
1347
Calculate the remainder when 19733 is divided by 13.
12
What is the remainder when 3256 is divided by 3243?
13
What is the remainder when 327644 is divided by 31?
5
Calculate the remainder when 901847 is divided by 12.
11
Calculate the remainder when 85347 is divided by 150.
147
Calculate the remainder when 693887 is divided by 7.
5
Calculate the remainder when 4726 is divided by 565.
206
Calculate the remainder when 212961 is divided by 21296.
1
What is the remainder when 11867 is divided by 990?
977
Calculate the remainder when 19064 is divided by 41.
40
Calculate the remainder when 1157 is divided by 208.
117
Calculate the remainder when 7418 is divided by 198.
92
What is the remainder when 10903 is divided by 954?
409
Calculate the remainder when 7068 is divided by 231.
138
Calculate the remainder when 140067 is divided by 140063.
4
Calculate the remainder when 81756 is divided by 54.
0
Calculate the remainder when 3541267 is divided by 85.
82
What is the remainder when 41956 is divided by 10360?
516
Calculate the remainder when 110 is divided by 23.
18
What is the remainder when 1663 is divided by 67?
55
Calculate the remainder when 347658 is divided by 11.
3
Calculate the remainder when 3217 is divided by 2868.
349
What is the remainder when 10315 is divided by 164?
147
What is the remainder when 60379 is divided by 68?
63
What is the remainder when 18502 is divided by 22?
0
What is the remainder when 416 is divided by 5?
1
Calculate the remainder when 931103 is divided by 288.
287
What is the remainder when 27557 is divided by 72?
53
What is the remainder when 4437 is divided by 86?
51
What is the remainder when 855969 is divided by 59?
56
Calculate the remainder when 44394 is divided by 1345.
9
Calculate the remainder when 117174 is divided by 2343.
24
What is the remainder when 631807 is divided by 78?
7
What is the remainder when 6503 is divided by 27?
23
Calculate the remainder when 2710 is divided by 403.
292
What is the remainder when 25055 is divided by 18?
17
Calculate the remainder when 66506 is divided by 482.
472
What is the remainder when 15166 is divided by 5051?
13
What is the remainder when 677621 is divided by 66?
65
Calculate the remainder when 768 is divided by 166.
104
Calculate the remainder when 8801 is divided by 2928.
17
Calculate the remainder when 2236831 is divided by 9.
7
Calculate the remainder when 59645 is divided by 1065.
5
What is the remainder when 2860691 is divided by 755?
751
What is the remainder when 135240 is divided by 338?
40
What is the remainder when 6707 is divided by 88?
19
What is the remainder when 209604 is divided by 104801?
2
What is the remainder when 23254 is divided by 894?
10
Calculate the remainder when 979821 is divided by 1469.
1467
What is the remainder when 4490 is divided by 640?
10
Calculate the remainder when 603840 is divided by 301920.
0
Calculate the remainder when 19066 is divided by 50.
16
Calculate the remainder when 186140 is divided by 62041.
17
What is the remainder when 24934 is divided by 2077?
10
What is the remainder when 250642 is divided by 1085?
7
Calculate the remainder when 7730 is divided by 115.
25
Calculate the remainder when 552 is divided by 150.
102
What is the remainder when 431387 is divided by 482?
479
Calculate the remainder when 20726 is divided by 1294.
22
Calculate the remainder when 22030 is divided by 48.
46
Calculate the remainder when 13225 is divided by 4402.
19
Calculate the remainder when 195167 is divided by 114.
113
What is the remainder when 400729 is divided by 16?
9
What is the remainder when 68600 is divided by 17148?
8
What is the remainder when 539 is divided by 88?
11
Calculate the remainder when 354308 is divided by 518.
514
What is the remainder when 18032 is divided by 82?
74
What is the remainder when 233814 is divided by 505?
504
What is the remainder when 4139 is divided by 680?
59
Calculate the remainder when 54699 is divided by 51.
27
What is the remainder when 7047 is divided by 1046?
771
What is the remainder when 67685 is divided by 33828?
29
What is the remainder when 61409 is divided by 30?
29
What is the remainder when 2915 is divided by 519?
320
What is the remainder when 8089 is divided by 150?
139
Calculate the remainder when 63489 is divided by 1324.
1261
What is the remainder when 5115 is divided by 5080?
35
What is the remainder when 1529 is divided by 102?
101
Calculate the remainder when 910278 is divided by 8.
6
Calculate the remainder when 493 is divided by 85.
68
Calculate the remainder when 335790 is divided by 124.
122
Calculate the remainder when 2268 is divided by 47.
12
Calculate the remainder when 1529 is divided by 516.
497
What is the remainder when 333319 is divided by 14?
7
What is the remainder when 2790 is divided by 465?
0
Calculate the remainder when 59323 is divided by 28.
19
Calculate the remainder when 381502 is divided by 24.
22
What is the remainder when 170114 is divided by 116?
58
What is the remainder when 7255 is divided by 90?
55
Calculate the remainder when 21064 is divided by 297.
274
Calculate the remainder when 137408 is divided by 9.
5
What is the remainder when 3194 is divided by 167?
21
What is the remainder when 144200 is divided by 151?
146
Calculate the remainder when 56651 is divided by 9432.
59
What is the remainder when 96938 is divided by 21?
2
What is the remainder when 4071 is divided by 114?
81
What is the remainder when 552213 is divided by 96?
21
What is the remainder when 74309 is divided by 64?
5
What is the remainder when 19191 is divided by 28?
11
Calculate the remainder when 81080 is divided by 87.
83
Calculate the remainder when 280138 is divided by 420.
418
Calculate the remainder when 397580 is divided by 538.
536
What is the remainder when 8246 is divided by 1413?
1181
Calculate the remainder when 442941 is divided by 36.
33
Calculate the remainder when 74181 is divided by 27.
12
Calculate the remainder when 16237 is divided by 4048.
45
What is the remainder when 2573 is divided by 253?
43
What is the remainder when 122841 is divided by 15355?
1
Calculate the remainder when 11010 is divided by 14.
6
What is the remainder when 45577 is divided by 22782?
13
What is the remainder when 163369 is divided by 923?
921
Calculate the remainder when 10334 is divided by 323.
321
Calculate the remainder when 3030 is divided by 2991.
39
Calculate the remainder when 228031 is divided by 38000.
31
Calculate the remainder when 273103 is divided by 91011.
70
Calculate the remainder when 35139 is divided by 52.
39
What is the remainder when 455665 is divided by 14?
7
Calculate the remainder when 252070 is divided by 212.
2
What is the remainder when 5007 is divided by 595?
247
What is the remainder when 1413 is divided by 153?
36
Calculate the remainder when 4448 is divided by 1483.
1482
What is the remainder when 4353 is divided by 2006?
341
What is the remainder when 1717 is divided by 14?
9
Calculate the remainder when 3632 is divided by 1811.
10
Calculate the remainder when 1862 is divided by 804.
254
What is the remainder when 1365295 is divided by 30?
25
What is the remainder when 6641 is divided by 272?
113
Calculate the remainder when 362417 is divided by 46.
29
Calculate the remainder when 3107 is divided by 36.
11
What is the remainder when 9304 is divided by 7?
1
Calculate the remainder when 37517 is divided by 364.
25
Calculate the remainder when 245778 is divided by 91.
78
Calculate the remainder when 6342 is divided by 15.
12
Calculate the remainder when 7712 is divided by 775.
737
What is the remainder when 17178 is